{"id":1038,"date":"2022-02-07T07:41:21","date_gmt":"2022-02-07T07:41:21","guid":{"rendered":"http:\/\/compware.de\/?page_id=1038"},"modified":"2024-10-17T15:52:21","modified_gmt":"2024-10-17T13:52:21","slug":"datenschutz-2","status":"publish","type":"page","link":"https:\/\/www.compware.de\/?page_id=1038","title":{"rendered":"Datenschutz"},"content":{"rendered":"\n<figure class=\"wp-block-image alignright size-full\"><img loading=\"lazy\" decoding=\"async\" width=\"143\" height=\"68\" src=\"\/wp-content\/uploads\/2022\/02\/gdd_logo_143x68.png\" alt=\"\" class=\"wp-image-1044\"\/><\/figure>\n\n\n\n<h1 class=\"wp-block-heading\" id=\"die-dsgvo-gilt-auch-in-der-arztpraxis\"><strong>Die DSGVO gilt auch in der Arztpraxis<\/strong><\/h1>\n\n\n\n<p class=\"has-text-align-justify\">Die <strong>DSGVO gilt f\u00fcr alle<\/strong>&nbsp;die personenbezogene Daten erfassen und verarbeiten und da geh\u00f6ren Sie in der Arztpraxis sicherlich dazu. Zus\u00e4tzlich erfassen Sie Daten aus dem &#8222;Giftschrank&#8220;, denn personenbezogene Daten zum Thema&nbsp;<strong>Gesundheit<\/strong>, Sexualleben, Religion u.s.w. stehen unter einem&nbsp;<strong>besonderen Schutz<\/strong>.<\/p>\n\n\n\n<p><strong>Zum Schutz dieser Daten sind auch Sie in der Praxis verpflichtet.<\/strong><\/p>\n\n\n\n<p>Das Gesetz schreibt&nbsp;<strong>Schulungen f\u00fcr Mitarbeiter und die Erfassung von Verfahrensanweisungen<\/strong>&nbsp;vor.<\/p>\n\n\n\n<p>Bei Nichtbeachtung dieses Gesetzes k\u00f6nnen Strafen bis zu 300.000 \u20ac bzw. 2 Jahre Freiheitsstrafe erhoben werden.<\/p>\n\n\n\n<p class=\"has-text-align-justify\">Unser Schwesterunternehmen, die <strong>CompWare Akademie<\/strong>,&nbsp;bietet Ihnen die M\u00f6glichkeit einen&nbsp;<strong>externen Datenschutzbeauftragten<\/strong>&nbsp;zu bestellen und damit die Verantwortlichkeit zur Einhaltung der aktuellen Gesetze zu gew\u00e4hrleisten.&nbsp;Die <strong>CompWare Akademie<\/strong>, verpflichtet sich im Rahmen eines&nbsp;<strong> Datenschutzservicevertrags<\/strong>&nbsp;Ihnen stets als kompetenter und zuverl\u00e4ssiger Partner zur Seite zu stehen und erstellt f\u00fcr Sie alle, in Ihrer Praxis relevanten, Verfahrensanweisungen.<\/p>\n\n\n\n<p class=\"has-text-align-justify\">Durch externe (einmalig) und interne Audits (j\u00e4hrliche Schulungen) werden Sie und das gesamte Praxisteam immer auf dem neuesten Stand gehalten. Neue oder wechselnde Mitarbeiter werden nach Einstellung umgehend von uns geschult und alle aktuellen arbeitsrechtlichen Vertr\u00e4ge stehen Ihnen zur Verf\u00fcgung.<\/p>\n","protected":false},"excerpt":{"rendered":"<p>Die DSGVO gilt auch in der Arztpraxis Die DSGVO gilt f\u00fcr alle&nbsp;die personenbezogene Daten erfassen und verarbeiten und da geh\u00f6ren Sie in der Arztpraxis sicherlich dazu. Zus\u00e4tzlich erfassen Sie Daten aus dem &#8222;Giftschrank&#8220;, denn personenbezogene Daten zum Thema&nbsp;Gesundheit, Sexualleben, Religion u.s.w. stehen unter einem&nbsp;besonderen Schutz. Zum Schutz dieser Daten sind auch Sie in der Praxis [&hellip;]<\/p>\n","protected":false},"author":1,"featured_media":0,"parent":0,"menu_order":0,"comment_status":"closed","ping_status":"closed","template":"","meta":{"_editorskit_title_hidden":true,"_editorskit_reading_time":1,"_editorskit_is_block_options_detached":false,"_editorskit_block_options_position":"{}","_uag_custom_page_level_css":"","site-sidebar-layout":"default","site-content-layout":"","ast-site-content-layout":"default","site-content-style":"default","site-sidebar-style":"default","ast-global-header-display":"","ast-banner-title-visibility":"","ast-main-header-display":"","ast-hfb-above-header-display":"","ast-hfb-below-header-display":"","ast-hfb-mobile-header-display":"","site-post-title":"","ast-breadcrumbs-content":"","ast-featured-img":"","footer-sml-layout":"","ast-disable-related-posts":"","theme-transparent-header-meta":"","adv-header-id-meta":"","stick-header-meta":"","header-above-stick-meta":"","header-main-stick-meta":"","header-below-stick-meta":"","astra-migrate-meta-layouts":"set","ast-page-background-enabled":"default","ast-page-background-meta":{"desktop":{"background-color":"var(--ast-global-color-4)","background-image":"","background-repeat":"repeat","background-position":"center center","background-size":"auto","background-attachment":"scroll","background-type":"","background-media":"","overlay-type":"","overlay-color":"","overlay-opacity":"","overlay-gradient":""},"tablet":{"background-color":"","background-image":"","background-repeat":"repeat","background-position":"center center","background-size":"auto","background-attachment":"scroll","background-type":"","background-media":"","overlay-type":"","overlay-color":"","overlay-opacity":"","overlay-gradient":""},"mobile":{"background-color":"","background-image":"","background-repeat":"repeat","background-position":"center center","background-size":"auto","background-attachment":"scroll","background-type":"","background-media":"","overlay-type":"","overlay-color":"","overlay-opacity":"","overlay-gradient":""}},"ast-content-background-meta":{"desktop":{"background-color":"var(--ast-global-color-5)","background-image":"","background-repeat":"repeat","background-position":"center center","background-size":"auto","background-attachment":"scroll","background-type":"","background-media":"","overlay-type":"","overlay-color":"","overlay-opacity":"","overlay-gradient":""},"tablet":{"background-color":"var(--ast-global-color-5)","background-image":"","background-repeat":"repeat","background-position":"center center","background-size":"auto","background-attachment":"scroll","background-type":"","background-media":"","overlay-type":"","overlay-color":"","overlay-opacity":"","overlay-gradient":""},"mobile":{"background-color":"var(--ast-global-color-5)","background-image":"","background-repeat":"repeat","background-position":"center center","background-size":"auto","background-attachment":"scroll","background-type":"","background-media":"","overlay-type":"","overlay-color":"","overlay-opacity":"","overlay-gradient":""}},"footnotes":""},"class_list":["post-1038","page","type-page","status-publish","hentry"],"uagb_featured_image_src":{"full":false,"thumbnail":false,"medium":false,"medium_large":false,"large":false,"1536x1536":false,"2048x2048":false},"uagb_author_info":{"display_name":"Hans Herget","author_link":"https:\/\/www.compware.de\/?author=1"},"uagb_comment_info":0,"uagb_excerpt":"Die DSGVO gilt auch in der Arztpraxis Die DSGVO gilt f\u00fcr alle&nbsp;die personenbezogene Daten erfassen und verarbeiten und da geh\u00f6ren Sie in der Arztpraxis sicherlich dazu. Zus\u00e4tzlich erfassen Sie Daten aus dem &#8222;Giftschrank&#8220;, denn personenbezogene Daten zum Thema&nbsp;Gesundheit, Sexualleben, Religion u.s.w. stehen unter einem&nbsp;besonderen Schutz. Zum Schutz dieser Daten sind auch Sie in der Praxis&hellip;","_links":{"self":[{"href":"https:\/\/www.compware.de\/index.php?rest_route=\/wp\/v2\/pages\/1038","targetHints":{"allow":["GET"]}}],"collection":[{"href":"https:\/\/www.compware.de\/index.php?rest_route=\/wp\/v2\/pages"}],"about":[{"href":"https:\/\/www.compware.de\/index.php?rest_route=\/wp\/v2\/types\/page"}],"author":[{"embeddable":true,"href":"https:\/\/www.compware.de\/index.php?rest_route=\/wp\/v2\/users\/1"}],"replies":[{"embeddable":true,"href":"https:\/\/www.compware.de\/index.php?rest_route=%2Fwp%2Fv2%2Fcomments&post=1038"}],"version-history":[{"count":8,"href":"https:\/\/www.compware.de\/index.php?rest_route=\/wp\/v2\/pages\/1038\/revisions"}],"predecessor-version":[{"id":2346,"href":"https:\/\/www.compware.de\/index.php?rest_route=\/wp\/v2\/pages\/1038\/revisions\/2346"}],"wp:attachment":[{"href":"https:\/\/www.compware.de\/index.php?rest_route=%2Fwp%2Fv2%2Fmedia&parent=1038"}],"curies":[{"name":"wp","href":"https:\/\/api.w.org\/{rel}","templated":true}]}}