{"id":931,"date":"2022-02-03T15:35:48","date_gmt":"2022-02-03T15:35:48","guid":{"rendered":"http:\/\/compware.de\/?page_id=931"},"modified":"2024-10-17T16:27:34","modified_gmt":"2024-10-17T14:27:34","slug":"lancom","status":"publish","type":"page","link":"https:\/\/www.compware.de\/?page_id=931","title":{"rendered":"Lancom"},"content":{"rendered":"\n<figure class=\"wp-block-image aligncenter size-full is-resized\"><img loading=\"lazy\" decoding=\"async\" width=\"200\" height=\"73\" src=\"\/wp-content\/uploads\/2022\/02\/Qualified_Partner_2009.gif\" alt=\"\" class=\"wp-image-950\" style=\"width:368px;height:auto\"\/><\/figure>\n\n\n\n<p class=\"has-text-align-justify\">LANCOM Systems ist f\u00fchrender deutscher Hersteller zuverl\u00e4ssiger Kommunikationsl\u00f6sungen f\u00fcr gro\u00dfe, mittelst\u00e4ndische und kleine Unternehmen, Beh\u00f6rden und Institutionen. Das Angebot umfasst Produkte und Software f\u00fcr IP-basierte VPN-Netzwerke sowie Support- und Serviceangebote.<\/p>\n\n\n\n<p class=\"has-text-align-justify\">Traditionell werden sowohl Hardware als auch Software aller LANCOM Router in Deutschland entwickelt und getestet. Dabei finden Anregungen von Kunden genauso Eingang in die Konzeption neuer Produkte wie die Besonderheiten des deutschen und europ\u00e4ischen Marktes.<\/p>\n\n\n\n<p><strong>Was hei\u00dft das f\u00fcr Sie?<\/strong><\/p>\n\n\n\n<p class=\"has-text-align-justify\">Mit unserem Partner Lancom realisieren wir f\u00fcr Sie zuverl\u00e4ssige und vor allem sichere Kommunikation zwischen verschiedenen Standorten oder auch Heimarbeitspl\u00e4tzen. <br>Die Firewallprodukte bieten exzellente Sicherheit und garantierte Backdoorfreiheit<br>Zur Backdoorfreiheit hat Lancom auch eine spezielle <a href=\"https:\/\/www.compware.de\/wp-content\/uploads\/2022\/03\/LANCOM_Erklaerung_zur_Vertrauenswuerdigkeit.pdf\" target=\"_blank\" rel=\"noreferrer noopener\">Erkl\u00e4rung<\/a> abgegeben.<\/p>\n","protected":false},"excerpt":{"rendered":"<p>LANCOM Systems ist f\u00fchrender deutscher Hersteller zuverl\u00e4ssiger Kommunikationsl\u00f6sungen f\u00fcr gro\u00dfe, mittelst\u00e4ndische und kleine Unternehmen, Beh\u00f6rden und Institutionen. Das Angebot umfasst Produkte und Software f\u00fcr IP-basierte VPN-Netzwerke sowie Support- und Serviceangebote. Traditionell werden sowohl Hardware als auch Software aller LANCOM Router in Deutschland entwickelt und getestet. Dabei finden Anregungen von Kunden genauso Eingang in die Konzeption [&hellip;]<\/p>\n","protected":false},"author":1,"featured_media":0,"parent":0,"menu_order":0,"comment_status":"closed","ping_status":"closed","template":"","meta":{"_editorskit_title_hidden":true,"_editorskit_reading_time":1,"_editorskit_is_block_options_detached":false,"_editorskit_block_options_position":"{}","_uag_custom_page_level_css":"","site-sidebar-layout":"default","site-content-layout":"","ast-site-content-layout":"default","site-content-style":"default","site-sidebar-style":"default","ast-global-header-display":"","ast-banner-title-visibility":"","ast-main-header-display":"","ast-hfb-above-header-display":"","ast-hfb-below-header-display":"","ast-hfb-mobile-header-display":"","site-post-title":"","ast-breadcrumbs-content":"","ast-featured-img":"","footer-sml-layout":"","ast-disable-related-posts":"","theme-transparent-header-meta":"","adv-header-id-meta":"","stick-header-meta":"","header-above-stick-meta":"","header-main-stick-meta":"","header-below-stick-meta":"","astra-migrate-meta-layouts":"set","ast-page-background-enabled":"default","ast-page-background-meta":{"desktop":{"background-color":"var(--ast-global-color-4)","background-image":"","background-repeat":"repeat","background-position":"center center","background-size":"auto","background-attachment":"scroll","background-type":"","background-media":"","overlay-type":"","overlay-color":"","overlay-opacity":"","overlay-gradient":""},"tablet":{"background-color":"","background-image":"","background-repeat":"repeat","background-position":"center center","background-size":"auto","background-attachment":"scroll","background-type":"","background-media":"","overlay-type":"","overlay-color":"","overlay-opacity":"","overlay-gradient":""},"mobile":{"background-color":"","background-image":"","background-repeat":"repeat","background-position":"center center","background-size":"auto","background-attachment":"scroll","background-type":"","background-media":"","overlay-type":"","overlay-color":"","overlay-opacity":"","overlay-gradient":""}},"ast-content-background-meta":{"desktop":{"background-color":"var(--ast-global-color-5)","background-image":"","background-repeat":"repeat","background-position":"center center","background-size":"auto","background-attachment":"scroll","background-type":"","background-media":"","overlay-type":"","overlay-color":"","overlay-opacity":"","overlay-gradient":""},"tablet":{"background-color":"var(--ast-global-color-5)","background-image":"","background-repeat":"repeat","background-position":"center center","background-size":"auto","background-attachment":"scroll","background-type":"","background-media":"","overlay-type":"","overlay-color":"","overlay-opacity":"","overlay-gradient":""},"mobile":{"background-color":"var(--ast-global-color-5)","background-image":"","background-repeat":"repeat","background-position":"center center","background-size":"auto","background-attachment":"scroll","background-type":"","background-media":"","overlay-type":"","overlay-color":"","overlay-opacity":"","overlay-gradient":""}},"footnotes":""},"class_list":["post-931","page","type-page","status-publish","hentry"],"uagb_featured_image_src":{"full":false,"thumbnail":false,"medium":false,"medium_large":false,"large":false,"1536x1536":false,"2048x2048":false},"uagb_author_info":{"display_name":"Hans Herget","author_link":"https:\/\/www.compware.de\/?author=1"},"uagb_comment_info":0,"uagb_excerpt":"LANCOM Systems ist f\u00fchrender deutscher Hersteller zuverl\u00e4ssiger Kommunikationsl\u00f6sungen f\u00fcr gro\u00dfe, mittelst\u00e4ndische und kleine Unternehmen, Beh\u00f6rden und Institutionen. Das Angebot umfasst Produkte und Software f\u00fcr IP-basierte VPN-Netzwerke sowie Support- und Serviceangebote. Traditionell werden sowohl Hardware als auch Software aller LANCOM Router in Deutschland entwickelt und getestet. Dabei finden Anregungen von Kunden genauso Eingang in die Konzeption&hellip;","_links":{"self":[{"href":"https:\/\/www.compware.de\/index.php?rest_route=\/wp\/v2\/pages\/931","targetHints":{"allow":["GET"]}}],"collection":[{"href":"https:\/\/www.compware.de\/index.php?rest_route=\/wp\/v2\/pages"}],"about":[{"href":"https:\/\/www.compware.de\/index.php?rest_route=\/wp\/v2\/types\/page"}],"author":[{"embeddable":true,"href":"https:\/\/www.compware.de\/index.php?rest_route=\/wp\/v2\/users\/1"}],"replies":[{"embeddable":true,"href":"https:\/\/www.compware.de\/index.php?rest_route=%2Fwp%2Fv2%2Fcomments&post=931"}],"version-history":[{"count":10,"href":"https:\/\/www.compware.de\/index.php?rest_route=\/wp\/v2\/pages\/931\/revisions"}],"predecessor-version":[{"id":2362,"href":"https:\/\/www.compware.de\/index.php?rest_route=\/wp\/v2\/pages\/931\/revisions\/2362"}],"wp:attachment":[{"href":"https:\/\/www.compware.de\/index.php?rest_route=%2Fwp%2Fv2%2Fmedia&parent=931"}],"curies":[{"name":"wp","href":"https:\/\/api.w.org\/{rel}","templated":true}]}}